1 + -21. Let w be d(c). Give g(w).
-1
Suppose -15*f - 253 = -283. Let s(c) be the third derivative of -c**4/6 + c**2. Calculate s(f).
-8
Suppose 0 = 2*m + 2 - 8. Suppose -2*j + m*j = 3. Let d(q) be the third derivative of q**5/60 - q**4/12 - q**3/3 - 19*q**2 + 3*q. What is d(j)?
1
Let w be (-6)/(-2) + 14*(-3)/(-21). Let r(y) be the first derivative of y**4/4 - 2*y**3 + 5*y**2/2 + 6*y - 1. Calculate r(w).
6
Let d(u) be the second derivative of u**3/6 - 3*u**2/2 - 42*u. Suppose 3*h = -2*c + 6, -1 - 3 = 3*c - 2*h. Give d(c).
-3
Let u(m) be the third derivative of 13*m**7/5040 + 2*m**5/15 + 22*m**2. Let p(y) be the third derivative of u(y). Give p(1).
13
Suppose h + 25 = 3*x, x - 10 = h + 1. Let p(f) = 2*f**3 - 2*f**2 + 5*f - 19. Let u(z) = -z**3 + z**2 - 2*z + 9. Let q(a) = x*u(a) + 3*p(a). Calculate q(0).
6
Suppose 4*o + 6*o = 610. Suppose o - 73 = 2*g. Let i(z) = z**3 + 5*z**2 - 7*z - 4. Calculate i(g).
2
Let r(f) = -12*f + 18. Let p(a) = -11*a + 19. Let x(n) = -7*p(n) + 6*r(n). Let y be x(6). Let s(k) = 2*k**2 - 7*k. What is s(y)?
15
Let h(s) = 7*s + 206. Let o be h(-29). Let r(m) = -m**3 + m**2 + 3*m - 4. Calculate r(o).
-13
Let d(s) be the third derivative of s**4/12 + 51*s**2. Determine d(2).
4
Let g(n) = -n - n**3 + 5 + 5*n**2 - n - 2*n. Let d be g(4). Suppose d*v = -4*m + 1, m + 31 = -v + 6*v. Let p(f) = f**2 + 8*f + 5. Determine p(m).
-7
Let p(c) be the third derivative of -c**6/120 - c**5/12 + c**4/3 - c**3/6 + 11*c**2. Determine p(-6).
-13
Let r(p) = -p + 1. Let t = 27 - 30. Let f be r(t). Let s(l) = l**2 - l + 3. Calculate s(f).
15
Suppose 4*f + 24 = 8*f. Suppose -4*t = -f - 2. Suppose -4*r - 24 = 4*z, -2*z + 7*z + 30 = -t*r. Let n(v) = v**3 + 5*v**2 - 7*v + 8. What is n(z)?
14
Let l(i) = -2*i**3 + i**2 + i. Let t(s) = -11*s**2 - 21*s - 13. Let c(z) = -7*z**2 - 14*z - 9. Let p(k) = 8*c(k) - 5*t(k). Let x be p(-6). What is l(x)?
2
Let n(r) = -17*r**2 + 20*r - 10. Let b(z) = -13*z**2 + 19*z - 8. Let l(x) = -4*b(x) + 3*n(x). Calculate l(16).
2
Let z(r) = -69*r + 1 + 142*r - 72*r. Give z(3).
4
Let m(q) = 32*q - 1. Suppose 143*l = 120*l + 23. Determine m(l).
31
Let c(i) = -18*i**2 - 4 - 3 - 3*i + 0*i + i**3 + 12*i**2. Determine c(6).
-25
Let i(c) = -9*c + 1. Let q(s) = -1. Let g(n) = -i(n) - q(n). Determine g(2).
18
Let d(j) = 2*j - 7. Suppose -c = -5*c + 240. Suppose -c = -10*y - 10. Give d(y).
3
Let n(k) be the first derivative of -3*k**2 + 31*k - 242. Determine n(5).
1
Let h(s) = s - s - 4*s**2 + 1. Let c be (-4)/13*117/(-18) - 4. What is h(c)?
-15
Let o(f) = -f**2 + 6*f + 1. Suppose 41*j - 42*j = 22. Let d be j/(-5) + (-57)/(-95). Give o(d).
6
Let v(k) = -k - 4. Let a = -3 - -43. Suppose 20 = -b - 2*c - c, 0 = 3*b + 4*c + a. Determine v(b).
4
Let y(n) = -3*n - 17. Let q be y(-7). Let j(m) = -7*m**2 - 2*m - q*m**2 + 3*m**2 + 7*m**2. Let o = 5 + -8. Determine j(o).
-3
Let f(a) = -3*a - 1. Let c(h) = -4*h - 3. Let k be c(-4). Suppose -9*m = -k*m - 12. Determine f(m).
8
Suppose -2*p = -3*g + 4*g - 3, -2 = p + 4*g. Let n be 3 + -5 + p - 0. Suppose -h + 4*h + 6 = n. Let i(f) = -4*f - 2. Determine i(h).
6
Suppose 0 = 2*f - 3 - 3. Let g(m) = -m**3 + 1 + m**f - 2*m**3 - m**3. Calculate g(1).
-2
Let b(t) be the second derivative of t**7/2520 + t**6/144 - t**5/60 + 5*t**4/4 + 6*t. Let s(r) be the third derivative of b(r). Calculate s(-6).
4
Let t(u) = -u + 1. Let s(o) = -o**3 - 12*o**2 - 13*o - 17. Let r be s(-11). Suppose 0 = -r*l + 18 + 7. Give t(l).
-4
Let g(x) be the second derivative of -x**3/6 + x**2/2 + x. Let s = 144 + -92. Let k be (s/39)/((-2)/6). What is g(k)?
5
Let u(h) = 7*h + 9. Let i be (-2)/8 - (-5 + (-376)/(-32)). What is u(i)?
-40
Let p(c) = 4*c**2 - 3*c + c**2 + 2 - 4*c**2. Let h(v) = -v**2. Suppose r - 3*r + 6 = 0. Let m(i) = r*h(i) + p(i). Calculate m(-3).
-7
Let b(v) be the second derivative of -v**4/12 + 7*v**3/6 - 3*v**2 + 7*v. Let i(h) = 19*h**2 - h - 1. Let d be i(1). Suppose d + 19 = 6*q. Calculate b(q).
0
Let f(i) = 113 - 5*i**2 + 5*i**2 + i**2 - 6*i - 125. Give f(8).
4
Let q(l) be the third derivative of l**7/1260 + l**6/720 + l**4/2 - l**2. Let p(d) be the second derivative of q(d). Give p(1).
3
Let c(i) = -i**2 + i. Let k = 111 - 110. Let o(z) = 7*z**2 - 8*z - 2. Let j(d) = k*o(d) + 6*c(d). Give j(2).
-2
Suppose -7*t + 4*v = -5*t + 18, 55 = -5*t + 5*v. Let l(y) = y**3 + 14*y**2 + 13*y + 13. What is l(t)?
13
Let d(w) = -w**3 + 13*w**2 + w - 15. Suppose -8*r + 91 = -r. What is d(r)?
-2
Let h(m) = 6*m**2 + 15*m - 6. Let a(j) = 7*j**2 + 18*j - 8. Let g(f) = 5*a(f) - 6*h(f). Let x(y) = y + 16. Let s be x(-9). Let r be 2/s + 4/(-14). Give g(r).
-4
Let o(s) = -s**3 - s**2 + 4. Let f(n) = n**3 + n**2 - 5. Let w(c) = 3*f(c) + 2*o(c). Let a(q) = q**2 + 3*q + 1. Let v be a(-5). Let z = v - 11. What is w(z)?
-7
Let d(l) = l**2 - 3*l. Suppose 0 = -2*t + 14 - 2. Let w(s) = -s**3 + 6*s**2 + s - 3. Let n be w(t). What is d(n)?
0
Let x(v) = -v**3 + 6*v**2 - v + 4. Let a(t) = 8*t**2 - 2*t + 2. Suppose 0 = i - u + 4, u + 6 = -4*i + 3*u. Let b be a(i). Let o = -2 + b. Determine x(o).
-2
Let t(x) = 5*x**2 + 3*x. Let a be 2/(-12)*-3*(-7 + 1). Determine t(a).
36
Let l be 1/(-4) + (-19)/4. Let y be 6/((-3)/(-3)*2). Let h(x) = 1 + 0 + x**2 + 3 + 8*x + y. What is h(l)?
-8
Let w(c) = 2*c**2 - 5. Let j be w(-5). Let d be 2/(-3) - (-885)/j. Let i = -14 + d. Let x(a) = a**2 - 6*a - 1. What is x(i)?
-6
Suppose -4*x + 3*m = -16, -2*x + 2*m = -3*m - 22. Let n be (-1)/2*x + (-3)/(-6). Let s(w) = w**3 - w**2 + w - 9. Determine s(n).
-9
Let f(g) = -g**2 - 4. Let v be 74/8 - (-1)/(-4). Let a be (-9 + v)/(1/1). Give f(a).
-4
Let l(q) = 4*q**2 + 2*q - 4. Let s be l(-3). Suppose 3*n = s + 13. Suppose 4*g - o = 4*o + 11, 4*g - n = 3*o. Let w(v) = -v - 2. Give w(g).
-6
Let b(z) = z**3 - 7*z**2 + 5*z + 7. Let y be b(6). Suppose 5*q - 4 = 11. Let k(g) = 3*g**2 - g**2 - 4*g**2 + 4 - q. Determine k(y).
-1
Let w(p) = -14*p**2 + 4*p**2 + 13*p**2 + 3 + p**3. Suppose 2*m + 14 = -5*h, 2 = 5*m - 13. Let f(y) = y + 1. Let k be f(h). Determine w(k).
3
Let c(k) be the third derivative of -k**4/24 - 11*k**3/6 + 3*k**2 - 2. Determine c(-7).
-4
Let a(k) = k**3 + 4*k**2 + 4*k + 2. Let b(l) = -2*l**3 - 3*l**2 + 3*l + 4. Let y be b(-3). Suppose -3*d - t = 17 - 6, 4*t + y = -d. Calculate a(d).
2
Let s(o) be the third derivative of -o**5/60 + 5*o**4/24 - 2*o**3/3 + 214*o**2. Calculate s(4).
0
Let g(a) = 2*a**3 + 2*a**2 - a - 2. Let z be 12 + -13 + -4*6/(-8). What is g(z)?
20
Suppose -6*o + 5*o + 5 = 0. Suppose -6 = 3*v - 6*v. Let t(a) = -2 - v*a + 3*a - o*a + 3*a. Calculate t(-6).
4
Let b = -76 + 88. Suppose 6*y - b = 8*y. Let u(m) = m**3 + 6*m**2 + 1. Give u(y).
1
Let a = -2 - -8. Suppose 8*t - 5*t - a = 0. Let w(h) = 0*h - t + 3 - h. What is w(0)?
1
Let z(f) = f**2 + 6*f + 7. Let j = -64 - -60. Let m be (-2)/j - 52/8. Give z(m).
7
Suppose 5*y = -5*q + y, -4*q = 5*y. Let f(o) = -11*o**3 - o - 3 + 9*o**3 + 3*o**3 - o**2. Determine f(q).
-3
Let m = 843 - 839. Let s(c) = 6*c - 6. Calculate s(m).
18
Let l(g) = g. Let a(r) be the second derivative of -5*r**3/6 - 9*r**2/2 + 15*r. Let j be a(-3). What is l(j)?
6
Let q(d) be the first derivative of d**2 + 1/4*d**4 + 2*d**3 - 6 + 2*d. Suppose z + 4 + 3 = -x, -29 = 5*z - x. What is q(z)?
-10
Let c(d) = -2411*d + 7 - 2 + 2412*d. Give c(4).
9
Suppose 5*f + 4 = -26. Let y(a) = -3*a - 96. Let b(o) = o + 17. Let c(g) = -6*b(g) - y(g). Give c(f).
12
Let r(s) = 2*s**2 + s - 3. Let k(u) = 10*u**2 + 5*u - 15. Let l(d) = -2*k(d) + 11*r(d). Let h = -87 + 84. Calculate l(h).
12
Let t be ((-2)/(-6) + 0)/(13/117). Let c(z) = 58 + 67 + 0*z - 126 + t*z. Determine c(3).
8
Let r(i) = 5*i - 4*i - 2*i + 6. Let d be (9/(-2) - -4)/(1/(-12)). Let w be (-52)/(-39) - (-22)/d. What is r(w)?
1
Suppose 2*u + 8 = -0*u. Let p(a) = -7*a**3 - 5*a**2 - 10*a - 9. Let d(m) = 5*m**3 + 5*m**2 + 9*m + 8. Let y(f) = 3*d(f) + 2*p(f). Give y(u).
-6
Let g(i) = i**3 - i**2 + i - 1. Let y = 16 - 4. Let r = -13 + y. Let a(m) = -3*m**3 - 3*m**2 - 3*m + 1. Let o(n) = r*a(n) - 4*g(n). What is o(7)?
-4
Let o(a) be the third derivative of 7*a**5/60 + a**3/6 - 56*a**2 + a. Calculate o(1).
8
Let w(m) = -m**3 - 3*m**2 - 3*m. Let g(o) = 11*o + 17. Let b be g(-7). Let n be 8/60 + 1568/b. Let c = -29 - n. Calculate w(c).
9
Suppose 0 = 3*s + z + 2 - 15, 0 = -4*s + z + 15. Let c(y) = -s*y